 be d(5). Let s(t) = 7*t + 1. Determine s(b).
-6
Suppose 0 = -3*j - 5*b + 4, 3*j = 2*b - 5*b. Let x(l) = -951 + 0*l**2 + 1897 + 4*l - 945 + l**2. Calculate x(j).
-3
Let o(y) = -3*y**2 - 16 + 6 - y**3 + 6*y + 3. Let x(s) = -s**3 - 3*s**2 + 7*s - 8. Let m(k) = -7*o(k) + 6*x(k). What is m(-3)?
1
Let f(b) = 7*b - 1 + 12*b - 14*b - 7*b - 5*b**2. Determine f(-1).
-4
Let k(s) = -s**3 - 4*s**2 + s - 1. Let l = 47 + -52. What is k(l)?
19
Let m(p) = -p**2 + 10*p + 7. Let j = 46 - 40. Suppose -2*v + 5 = o, -j*v + v = o + 4. Calculate m(o).
-4
Let m(s) = s**2 + 11*s + 1. Let h = -112 - -102. What is m(h)?
-9
Let v(f) be the second derivative of f**5/10 + f**4/4 + 3*f**2 + 165*f. Give v(-3).
-21
Let r(s) = -s**2 - 4*s + 2. Let q = 15 - 15. Suppose 5*p - 76 = -5*n + 4, q = -n + 5. Suppose 0 = 4*o + 2*i + 10, -o - 4*i - i = -p. Determine r(o).
2
Let r(q) = q + 3. Let l(w) = 7*w + 39. Let z = -3 + -3. Let o be l(z). Determine r(o).
0
Suppose -77 = -4*m - 113. Let g(k) = 2*k + 10. Calculate g(m).
-8
Suppose -2*h + d - 12 = 5*d, -3*d = -4*h + 9. Let v(z) = 2*z + 16. Calculate v(h).
16
Let k(t) = t**2 + 5*t + 1. Let p(f) = -f - 3*f + 0 - 3. Let j be p(-2). Suppose -5*q - j = 6*v - v, -v = -2*q - 11. Give k(q).
-3
Let m = 13 - 8. Suppose 69*w - 70*w + 2 = 0. Let c(j) = -676*j**2 + 3*j + 675*j**w + 1 + 1. Calculate c(m).
-8
Let u(q) be the second derivative of -q**4/12 + 2*q**3/3 + 2*q**2 + q. Suppose 3*l - 8*v = -11*v, l + 3*v = -10. Determine u(l).
-1
Let f(m) = -m**3 + 7*m**2 + m - 2. Let d(j) = -j**3 - 2*j**2 - 9*j - 11. Let w be d(-2). Give f(w).
5
Let j be (-24)/(-6) - -4 - 7. Let b(v) = -2 + v + 3 - 2 + 0*v. Determine b(j).
0
Let j(o) = 7*o + 8 + 4*o - o - 43. Let p be j(4). Let v(z) = -z**2 + 3*z + 6. Determine v(p).
-4
Let w be 486/126 - 3/(-21). Let j(p) = -3*p**2. What is j(w)?
-48
Let v(a) = -a**2 - 23*a + 29. Let c be v(-24). Let k(s) = -115 + 3*s - 121 + 230. Give k(c).
9
Let x(t) = t**2 - 6. Let v(m) = -5*m**2 + 31. Let j = 112 + -114. Let f(h) = j*v(h) - 11*x(h). Let w(s) = s**3 - s**2 + 3. Let g be w(0). Calculate f(g).
-5
Let o(s) = -7*s - 8*s**2 - s**2 + 7*s**2 + 3*s**2 + 6. Calculate o(7).
6
Let j(g) = -g**2 + g + 3. Let a(y) be the second derivative of -y**4/6 + y**3/2 + 4*y**2 + 17*y. Let x(v) = -3*a(v) + 8*j(v). Calculate x(-2).
-6
Let n(f) be the second derivative of f**6/720 + f**5/24 - f**4/12 + 3*f. Let z(l) be the third derivative of n(l). Calculate z(-5).
0
Let d(x) = 0*x - 120 - x - x + 120. Calculate d(-2).
4
Let j = -3 - -3. Let q = 0 + j. Let y(w) = -13*w + 8. Let n(r) = -8*r + 3. Let u(p) = -5*n(p) + 3*y(p). Determine u(q).
9
Let c(u) = u**2 + 4*u + 5. Let p be c(0). Suppose 0 = q - p*q - 5*v, v = 2*q - 14. Let d(l) = -2*l**2 + 4*l + 1. What is d(q)?
-29
Let m(k) = 5*k**2 - 4*k**2 + 3 - 6*k**3 - 4. What is m(-1)?
6
Let o(n) = -3*n**2 + 2*n**2 + n + 76 - 39 - 7*n**3 - 36 - 14*n**3. Give o(-1).
20
Let x(v) be the second derivative of 1/6*v**4 - 1/2*v**3 + 0 + 3/2*v**2 + 1/20*v**5 - 11*v. What is x(-3)?
3
Suppose 5*i = q + 10, -4*q + 9*q = 2*i - 4. Let x(m) = m**2 + m + 4 - 5*m + m - i*m**2. Calculate x(-3).
4
Let t(d) = d**2 + 2*d - 2. Let h be t(-5). Let o(r) = -8*r - 4*r + h*r + 3. Let j(k) = -k**3 - 4*k**2 + 7*k + 7. Let n be j(-5). Determine o(n).
0
Let k(m) = -6*m + 1. Let n(a) = 2*a + 4. Let y(c) = -c - 5. Let j(h) = -6*n(h) - 5*y(h). Let d(t) = -5*j(t) + 6*k(t). Determine d(-6).
7
Let n = -206 - -212. Let d(j) be the second derivative of 1/12*j**4 + 0 + n*j + 1/2*j**2 - 1/6*j**3. Determine d(0).
1
Let s(o) = -o**2 + 16*o - 13. Let w be s(14). Suppose -17 = -2*r + 25. Let x = w - r. Let n(c) = c. Give n(x).
-6
Let q(u) = u**2 + u + 4. Let x(y) = 2*y**2 - 15*y + 31. Let j(m) = 3*q(m) - x(m). What is j(-19)?
0
Let o = 14 - 6. Let a be 2 - (0/5 + o). Let t(k) = k + 11. Determine t(a).
5
Let h(j) = j - 6. Suppose 36*i = -12 + 12. Give h(i).
-6
Let q(m) be the third derivative of 0 - 1/15*m**5 + 0*m + 2/3*m**3 + 5*m**2 + 1/120*m**6 + 1/24*m**4. Calculate q(4).
8
Let c(p) = -7*p + 4. Let g = 328 - 324. Calculate c(g).
-24
Let c(d) = 2*d + 9. Suppose 16 = -4*p, 0 = -3*v + 4*v - 4*p - 9. Give c(v).
-5
Let y(f) be the first derivative of -f**3/3 + 11*f**2/2 - 17*f - 689. What is y(6)?
13
Let s = -181 + 175. Let y(r) = -r**2 + r - 1. Let p(i) = 3*i**2 - 8*i + 9. Let w(u) = p(u) + 4*y(u). Calculate w(s).
-7
Let i(l) be the third derivative of -l**6/120 + l**5/10 - l**4/8 - l**3 - 5*l**2. Let t(v) = -14*v - 37. Let w be t(-3). What is i(w)?
4
Suppose s - 4*s + 84 = 0. Let c(v) = -4*v + 4*v - v**2 + 27 - s - 2*v. What is c(-4)?
-9
Let i(q) = -q - 2. Let p(a) = 5*a + 8. Let v(o) = 9*i(o) + 2*p(o). Calculate v(-5).
-7
Let m(g) be the first derivative of -g**2/2 + 5*g - 78. Give m(5).
0
Let b(j) = 23*j**3 + 3*j**2 + 2*j + 2. Let l(g) = 23*g**3 + 4*g**2 + 2*g + 3. Let c(p) = 4*b(p) - 3*l(p). Determine c(1).
24
Let c be (16/(-10))/((-6)/(-45)). Let p = c - -16. Let m(n) = n**2 - 8*n + 3. Calculate m(p).
-13
Let v(s) = 3*s**2 + 5*s + 6. Let h(x) = -4*x**2 + 30*x - 18. Let a be h(7). What is v(a)?
34
Let n(a) = -3*a + 6. Let v be ((-24)/(-6))/(1 - -1) + 5. Determine n(v).
-15
Let k(q) = q**2 + 3. Let h = 15 + -1. Let t be h/3 + (-8)/12. Suppose -t*g - g = 0. Calculate k(g).
3
Let v(j) = 5 - 5*j + 53*j**2 + 0*j - 58*j**2 + 1. Let h be v(1). Let t(q) = -2 + 1 - 8*q - 5 - q**2. Determine t(h).
10
Let k(d) = 2*d. Let b be k(2). Suppose 5*r + 24 = b. Let p be ((-12)/(-10))/(r/10). Let t(z) = 2*z**2 + 4*z. Give t(p).
6
Let i(d) = -d**2 - 2*d. Suppose 35 = b - 6. Let r = 36 - b. Let h be 3/15 + 16/r. What is i(h)?
-3
Let p(j) = -j**3. Suppose -5*g - 10 = 2*s, 0 = s + 3*g + 6 + 1. Suppose -5*w = c + 7, -s*c + 10 = -5. Give p(w).
8
Let u(f) = -6*f + 2. Let x(g) = 37*g - 8. Let i(t) = -6*u(t) - x(t). Let y = 14 + -8. Determine i(y).
-10
Let n(b) = -2*b**3 - b**2 + b + 2. Let g(c) = -c**3 + 1. Let x(z) = 13*g(z) - 6*n(z). Suppose -5*q + q = -16. Calculate x(q).
9
Let q be (36/(-8))/((-3)/6). Suppose -5*k = -3*k - 4. Let r(h) = -h**k - h + 5*h - 12 + q + 0*h**2. Determine r(4).
-3
Let n(o) = 3*o + 9. Suppose 47*u - 62 = -344. Give n(u).
-9
Let s(f) = -1 - 110*f + 24*f**2 - 116*f + 226*f. Calculate s(1).
23
Let u(k) = -4*k**3 + 2*k**2 - 2*k - 7. Let v(c) = 3*c**3 - 2*c**2 + c + 6. Let z = -6 + 3. Let m(x) = z*v(x) - 2*u(x). What is m(3)?
-10
Let h(v) = -5 + 241*v - 481*v + 245*v. Let r(b) = b**2 - 6*b + 6. Let k(g) = 7*h(g) + 6*r(g). What is k(1)?
6
Let k(f) = 6 + 10*f + 2 + f - 4*f**2 - 13 + 13*f**2 + f**3. What is k(-5)?
40
Suppose -2*o + 6 = 2*j, 0 = 2*j - 0*j - 3*o - 21. Let f(u) = 7*u - 65*u**2 + 20*u**2 - 3 + 20*u**2 + 24*u**2. Calculate f(j).
3
Let w(p) = -p**2 + p - 1. Let u(q) = 4*q**2 + 7*q + 14. Let f(b) = -u(b) - 3*w(b). What is f(-9)?
-2
Let u(f) = -9*f. Let q(i) = -7*i - 1. Let b(h) = 4*q(h) - 3*u(h). What is b(7)?
-11
Let u(v) = -v**2. Suppose -2*y = -0 + 2. Let x(g) = -g**3 - 9. Let q(c) = y*u(c) + x(c). Calculate q(0).
-9
Let d(g) = -10*g**3 - g**2 + 1. Let o be (105/14 - 8)*(-1 + 1). Suppose u - 2*u - 1 = o. Determine d(u).
10
Let b(d) = 5*d**2 + d - 1. Let q(h) = -h**2 + 4*h - 2. Let m be q(2). Let l be 4/((-8)/(-1))*m. What is b(l)?
5
Suppose 4*r = -5*u + 7 + 16, -r = -4*u + 10. Let j be (-13)/(-5) - u/5. Suppose 3*g = g + i + 6, j*i = g - 3. Let d(x) = -x**3 + 3*x**2 + x - 2. Give d(g).
1
Let v(h) = 2*h - 2. Suppose -t - 5*b - 2 = -3, -12 = -2*t - 5*b. Let u = t - 7. Suppose -3*g - r = 3*r + 25, -3*r = u*g + 24. What is v(g)?
-8
Suppose 2*m = -3*a - m - 9, 4*m - 44 = 4*a. Let k(s) = s**3 + 6*s**2 - 7*s + 4. Calculate k(a).
4
Let c(q) = 9*q**2 + 30*q + 14. Let d(x) = -5*x**2 - 16*x - 7. Let i(o) = 3*c(o) + 5*d(o). Give i(-4).
-1
Let l be (-10 - -13 - 11)*(-2)/4. Let p(j) = -j**3 + 3*j**2 + 3*j - 4. What is p(l)?
-8
Let x(j) = -j**2 + 5*j + 2. Let z(o) = o**2 - 6*o - 1. Let a(g) = -4*x(g) - 3*z(g). Let v = 0 - 4. Give a(v).
19
Let m be -3*7/((-42)/16). Let k(d) = -m - d + 7 - 2. Determine k(7).
-10
Let j be 80*(-5)/5*(2 + -1). Let h = j + 81. Let v(o) be the second derivative of -5*o**3/6 - o**2/2 - o. Calculate v(h).
-6
Suppose 0 = 9*z + 10*z + 57. Let v(l) = 2*l**3 + 5*l**2 + 3*l + 1. Calculate v(z).
-17
Suppose -w + 105 = 3*l, 5*l - l + 4*w - 132 = 0. Let j(z) = -31*z - 11*z - z**2 + l*z. Calculate j(-3).
9
Let y(i) = 6*i**2 - i - 1